 and 56.
14
Let u be 12/9*3/2. Suppose 5*m - u*m - 3*x = 15, 2*m + 5*x - 17 = 0. Calculate the greatest common factor of 4 and m.
2
Let w = 2 + 3. Let a(d) = -d + 8. Let m be a(w). What is the greatest common factor of 1 and m?
1
Let u(h) = 3*h**2 - 6*h + 2. Let j be u(4). Let d = 44 - j. Let p = 22 - 16. Calculate the highest common factor of p and d.
6
Let o be ((-15)/(-2))/((-15)/(-80)). Let v = 23 + o. What is the highest common factor of v and 9?
9
Let f(n) be the first derivative of n**3/3 + 5*n**2/2 + 7*n - 7. Let r be f(-7). Calculate the greatest common factor of r and 21.
21
Let y(f) = 6*f - 16. Let s be y(5). Let v = 284 + -130. Calculate the highest common factor of v and s.
14
Let k be 2 - (5 + -2)/(-1). Let v be (-2)/10 + 26/k. Let f be 75*((-8)/v + 2). What is the highest common divisor of f and 45?
15
Suppose 0 = -4*i - 3*t - 2 - 19, 0 = -4*t - 12. Let a(u) = -2*u**3 - 4*u**2 - 2*u + 2. Let c be a(i). What is the highest common factor of 52 and c?
26
Let b(o) = -o**3 - 6*o**2 - 6*o - 7. Let h be b(-5). Let t = h - -8. Calculate the greatest common divisor of t and 48.
6
Suppose 3*o = d - 42, 3*d + 38 = -5*o - 46. Let n = o - -25. Suppose 2*s = n + 4. What is the greatest common factor of 56 and s?
7
Let w be -4 - -2 - (-2 + 1). Let y = -5 - w. Let a = y + 5. Calculate the greatest common factor of 9 and a.
1
Suppose -8*q - 95 = -743. What is the greatest common factor of q and 9?
9
Suppose 0 = 20*x + 282 - 822. What is the greatest common factor of 45 and x?
9
Let k = -294 - -151. Let g = -70 - k. Suppose -f - 2*w + 0 = -11, 5*f - g = -w. What is the highest common divisor of 6 and f?
3
Let g be 4*(-4 - -3)*-4. Calculate the highest common factor of 4 and g.
4
Let k be 24/9*12/8. Suppose k*x - 38 = -4*f - x, 0 = 2*f + 4*x - 16. Calculate the highest common divisor of f and 6.
6
Let t = -26 - -53. Let o = t - 9. What is the highest common divisor of o and 18?
18
Suppose -8 = -l - 0*l. Let j be 6/l - 50/(-8). Calculate the highest common factor of j and 28.
7
Suppose -44 + 124 = 5*h. What is the highest common factor of 48 and h?
16
Suppose -2*f + 73 = -3*f. Let o = -188 - f. Let r = o + 232. Calculate the highest common divisor of 13 and r.
13
Let h = 18 - 14. What is the highest common factor of h and 16?
4
Let j be (28/(-12))/((-2)/(-60)). Let r be (10/(-4))/(5/j). Calculate the highest common factor of 14 and r.
7
Let i = -5 - -77. What is the highest common divisor of i and 18?
18
Let j = 146 + -50. Calculate the greatest common factor of j and 12.
12
Let w be 0*(-2)/16*-4. Suppose -o = -2*x - w*o + 2, 2*x - 5*o + 6 = 0. What is the highest common factor of x and 8?
2
Suppose 2*d - 4 = -5*i + 77, 0 = 2*d + 3*i - 87. What is the highest common factor of d and 36?
12
Let x = 12 - -3. Calculate the highest common factor of x and 60.
15
Let b(w) = w**3 - 4*w**2 - 3*w - 1. Let l be b(5). Let g be -1*(-2)/(-1) - -44. Suppose 4*u - g = 66. What is the highest common factor of l and u?
9
Let u be 16/(-40) - 1476/(-15). Calculate the highest common factor of 42 and u.
14
Suppose -3*m = 3*c - 27, 3*c - 3*m - 7 = 26. What is the highest common factor of 170 and c?
10
Let n be (-4)/(-1)*(7 - 6). Suppose n*l + 7 + 33 = 0. Let h be 11*(-3 + 0 - l). What is the highest common factor of h and 11?
11
Let p = 58 + 2. Suppose -28 - 20 = -v. Suppose -5*u = -v - 12. What is the highest common factor of p and u?
12
Let v = -10 + 16. Calculate the greatest common factor of 22 and v.
2
Suppose -3*l + 1 = -35. Suppose -5*x - p - 3*p + 44 = 0, 4*p = x - 28. Calculate the highest common divisor of l and x.
12
Let z = 21 + -14. Suppose -27 = -2*h - n, -3*h + n + z + 36 = 0. What is the highest common factor of 154 and h?
14
Let f = -40 + 117. Let s be (-1 - (-1 + 2)) + 9. Calculate the highest common divisor of s and f.
7
Suppose -k - 30 = 2*k. Let w = k - -18. Calculate the greatest common divisor of 24 and w.
8
Let y(z) = -16*z. Let s = -8 + 7. Let a be y(s). Calculate the highest common divisor of 4 and a.
4
Suppose 2*w = -w + 6. Suppose 0*d - w*c + 38 = 2*d, -5*c = -3*d + 73. Suppose -4*b + 3 + d = 0. What is the greatest common divisor of 42 and b?
6
Let y = -22 - -39. Calculate the greatest common divisor of y and 153.
17
Suppose 11*r = 2228 + 148. Calculate the greatest common factor of 8 and r.
8
Let t = 55 - -20. Calculate the greatest common divisor of t and 15.
15
Suppose 0 = 3*v - 4*v + 110. Let h be (-3 + 2 - 0)*3 + 13. What is the greatest common factor of h and v?
10
Let v = 807 + -478. Let i = v - 182. What is the highest common divisor of 21 and i?
21
Suppose 4*n - 4*u + 96 = 0, n + 21 + 7 = 5*u. Let o = n - -26. What is the greatest common factor of o and 30?
3
Let k be (2/4)/((-1)/(-4)). What is the highest common factor of k and 16?
2
Suppose 2*a - 5*x - 22 = a, -4*x = 5*a + 35. Let q = 8 + a. Let c(w) = w**3 - 2*w**2 + 2*w + 1. Let y be c(2). What is the highest common factor of q and y?
5
Let y be 14/(-4)*(-3 + -3). Let q = y - 12. Let l(n) = 6*n. Let z be l(3). What is the highest common factor of q and z?
9
Let f be -6*(-2)/(8/12). Calculate the highest common factor of 144 and f.
18
Suppose 0 = -t, -4*t + 25 = x - 0*t. What is the greatest common factor of 25 and x?
25
Suppose -f - 20 + 191 = 0. What is the greatest common factor of f and 19?
19
Let c = 193 - 127. Let o = 2 - -9. Calculate the highest common factor of o and c.
11
Let a = -21 + 45. What is the highest common factor of a and 16?
8
Let f be (3 + -1)*(-17)/(-2). Let n = f - -4. Let o(y) = 8*y - 2. Let z be o(2). What is the highest common divisor of n and z?
7
Let a = 82 - 70. What is the highest common factor of a and 12?
12
Suppose -5*v = -5*j + 35, -2*j - 4*v - 2 - 2 = 0. What is the highest common factor of j and 36?
4
Suppose 20 = -5*l, 6*d - 3*d = -4*l + 389. Let c(i) = -i + 7. Let q be c(-8). What is the highest common factor of d and q?
15
Let c(f) = f**2 + 9*f - 7. Let q be c(-11). Calculate the highest common factor of 165 and q.
15
Let g be (-3 + 2 - -2) + 1. Suppose -3*h + 7 = -g*i - 0*h, 5*i - 4*h = -7. Let v = 39 + i. What is the highest common divisor of v and 60?
20
Let y = 181 + 17. Let r be 45*((-54)/15 - -4). What is the greatest common factor of r and y?
18
Let w be 2/(-2 + 24/10). Suppose 4*n + 17 = w*t, -4*n - n + 20 = 2*t. Suppose 2*r = -n, -20 = 2*s + r - 55. What is the greatest common factor of s and 45?
9
Suppose 0*c - 129 = -3*c. Let s be 10/75 + c/15. What is the highest common factor of 21 and s?
3
Let s = -24 - -30. Let x = 8 - 5. Calculate the greatest common factor of x and s.
3
Suppose -f = -c + 7, -2 - 6 = -2*c - 4*f. Calculate the greatest common factor of c and 3.
3
Suppose -15 = -4*v - 3*k, 2*k = 3*v + 4*k - 10. Let m be ((-6)/8)/(8/(-32)). Suppose d + m*d - 256 = v. What is the highest common factor of d and 16?
16
Let w = -3 - -8. Suppose 0*y - 4*y + 361 = -w*n, 0 = 3*y - 4*n - 272. Let h be 15/2*16/10. Calculate the highest common divisor of y and h.
12
Let r be -8 + (-1 + 2)/1. Let t = 4 + r. Let g = t - -4. What is the highest common factor of g and 9?
1
Suppose -5 = -n, 0*n + n + 19 = 4*v. Let d be 4/8*v + 2. Calculate the greatest common divisor of d and 20.
5
Let s(j) = -3*j. Let z be s(1). Let a = z - -8. Suppose -a*t = -29 - 106. What is the highest common divisor of 9 and t?
9
Suppose 40 = -3*w + w. Let n be ((-3)/4)/((-1)/w). Let p be ((-12)/5)/(n/100). What is the highest common divisor of 112 and p?
16
Let g(a) = -a**2 - 11*a - 8. Let w be g(-6). What is the greatest common factor of w and 55?
11
Suppose -2*a = -26 - 6. What is the highest common factor of a and 176?
16
Suppose 6*s - 2 = 4*s. Calculate the highest common divisor of s and 1.
1
Let l(v) = -v**3 - v**2 - 2*v + 10. Suppose -10*f = -9*f. Let a be l(f). Calculate the highest common divisor of a and 25.
5
Let r(i) be the third derivative of 7*i**4/12 - 4*i**2. Let b(s) = -s + 10. Let v be b(7). Let x be r(v). Calculate the highest common divisor of x and 28.
14
Let h = -1 - -5. Let f = -9 + h. Let y = f + 20. Calculate the highest common factor of 135 and y.
15
Let w(h) = -h - 8. Let x be w(-10). Suppose -8 = -2*d - 2*r, -4*d + x*r + 3*r = 2. Calculate the greatest common factor of 22 and d.
2
Suppose 4*z - 8 = 4. Suppose -z*p = p - 980. Calculate t